) + l/80.
2, 3
Let g(x) = 3*x - 6. Suppose n + 2 = b - 5*b, 3*n - 3*b = 9. Suppose -t + n*p - 3 = 0, 3*t - 3*p = -0*t + 6. List the prime factors of g(t).
3, 5
Let k(m) = m**3 + 18*m**2 + 27*m + 14. What are the prime factors of k(-6)?
2, 71
Let l = 386 + -135. List the prime factors of l.
251
Suppose -4*u - 2*u - 108 = 0. List the prime factors of (-194)/u + 6/27.
11
Let y = -69 + 1617. What are the prime factors of y?
2, 3, 43
Suppose -1827 = -6*j + 2217. What are the prime factors of j?
2, 337
Suppose -13*p - 2135 + 10858 = 0. What are the prime factors of p?
11, 61
Let u = 19 - 25. Let k be ((-300)/(-24))/((-1)/u). Suppose 0 = -4*j + 9*j - k. What are the prime factors of j?
3, 5
Let b = -48 - -119. Let i = b - -224. What are the prime factors of i?
5, 59
Let x(t) = -2 - 3 - 5 + 11*t. Let d be x(8). Suppose 0 = b - 2*b - 2*o + 25, 3*b + 5*o - d = 0. List the prime factors of b.
31
Let c(k) = 19*k + 4. Let w(d) = 5*d**2 + 9*d - 6. Let n(g) = -g**2 - g + 1. Let o(i) = -4*n(i) - w(i). Let h be o(-5). What are the prime factors of c(h)?
2, 3, 7
Let t be 3*-1 + 3 + 0 + 9. Suppose -2*k = -t*k + 147. List the prime factors of k.
3, 7
Let g(j) = 732*j - 320. What are the prime factors of g(3)?
2, 7, 67
Let k be (1 + 1)*(-2)/(-4). Let a(j) = 87*j**3 + 2*j**2 - 2*j + 1. Let q be a(k). Suppose -v = 3*v - q. What are the prime factors of v?
2, 11
Suppose -t - 11 = -2*p, 0 = p - 5*t - 0 - 10. Suppose 2*x - p*o - 501 = 0, -4*x + 1121 = 3*o + 132. List the prime factors of x.
2, 31
Suppose 33665 + 26066 = 49*y. List the prime factors of y.
23, 53
What are the prime factors of (72/2*-30)/(-1)?
2, 3, 5
Suppose -4*f - 7018 = -2*s, s + 2*f - 5105 = -1584. List the prime factors of s.
5, 19, 37
Let g = -27 - -24. List the prime factors of (((-464)/g)/(-4))/((-4)/12).
2, 29
Suppose -9*s = -5*s. Let u be s + 6/(1 + 1). Let z(r) = 4*r + 2. List the prime factors of z(u).
2, 7
Let u(n) = -n**3 - 10*n**2 + 12*n + 15. Let m(v) = -2*v**3 - 21*v**2 + 25*v + 29. Let t(b) = -4*m(b) + 7*u(b). List the prime factors of t(-15).
2
Suppose 5*w = 4*j - 10965, 0 = 22*w - 20*w - 6. What are the prime factors of j?
3, 5, 61
Let s = -4 + 6. Suppose -s*y = -y - 75. List the prime factors of y.
3, 5
Let r = 58 + -240. Let m = r + 288. List the prime factors of m.
2, 53
Let h(b) = b - 4. Let p(g) = g**3 + 3*g**2 - 7*g - 5. Let a be p(-4). What are the prime factors of h(a)?
3
Let c(z) = -38*z - 145. List the prime factors of c(-14).
3, 43
Let v be (-68)/(-5)*390/(-12). What are the prime factors of (-5 - -7 - 3)*v/2?
13, 17
Let u be (-4)/(-7)*(-35)/(-10). Suppose u = -n + 5*h - 1, 3*h = 0. List the prime factors of (27 + -7)*n/(-6).
2, 5
Suppose -w - 18 = -5*w - 2*y, 2*y + 6 = 2*w. Suppose 188 = -0*k + w*k. What are the prime factors of k?
47
Let z(c) = c**2 + 8*c + 17. Let t be z(-5). Suppose 0 = p + t + 8. List the prime factors of (-3)/((-15)/p) - -48.
2, 23
Let y = 14 - 4. Suppose 4*d = 2*l + 15 - 3, 5*l + y = 0. Suppose -q - 60 = -5*u, 0 = 3*u + d*q - 6 - 43. What are the prime factors of u?
13
Suppose -31 = -s - 3*v, -2*s - v + 67 - 10 = 0. Let r = s - -5. List the prime factors of r.
3, 11
Suppose 75 = -j - 4*j. Let u = j - -28. What are the prime factors of 106/3 + u/(-39)?
5, 7
Suppose 0*t - 7 = -t + 5*o, 2*o + 6 = 0. Let w(h) = h + 10. Let y be w(t). Suppose 3*m - 2*b = 2*b + 32, 18 = y*m - 2*b. What are the prime factors of m?
2
Let f(p) = -2*p**3 + p**2 + 2*p + 1. Let z be f(-1). Suppose -7*x = -z*x + 295. What are the prime factors of x/(-4) - 3/(-12)?
3, 5
Suppose 99 = -2*u + 3*d, -4*u = -d - d + 210. List the prime factors of (-4)/18 + (-4332)/u.
2, 5
Let x(u) = 28*u**2 + 3*u + 122. List the prime factors of x(-11).
3, 19, 61
Suppose -8481 = -33*b + 5511. List the prime factors of b.
2, 53
Let o = 841 + -261. Suppose -o = -5*r - 0*r. What are the prime factors of r?
2, 29
List the prime factors of (-1 + 2)/((-12)/(-4452)).
7, 53
Let c(h) = h**3 + 5*h**2 - 9*h - 2. Let x be c(-5). What are the prime factors of (x - -3) + -1 + 5?
2, 5
Let z be -4*(0/4 - -6). Let f = 43 - 90. Let o = z - f. What are the prime factors of o?
23
Suppose o - 3*o = -3*t + 4840, t = o + 1614. What are the prime factors of t?
2, 13, 31
What are the prime factors of 700/42*(-306)/(-15)?
2, 5, 17
Let d be -9*(-1 - 3/9). Let p = 30 + d. What are the prime factors of p?
2, 3, 7
Let c(g) = -4*g**3 - 6*g**2 + 5*g - 10. Let j(p) = 5*p**3 + 7*p**2 - 6*p + 11. Let t(f) = 7*c(f) + 6*j(f). Let d = 278 + -275. List the prime factors of t(d).
47
Suppose 0*z + 2*z = 16. Suppose n = -n + z. Suppose -m + 2 = -n. What are the prime factors of m?
2, 3
What are the prime factors of 5 - 25/2*(-6)/1?
2, 5
Suppose 2*r - 5*r + 75 = 0. Let a(l) = -3*l - 32. Let s be a(-10). Let c = s + r. What are the prime factors of c?
23
What are the prime factors of 3518/4 - (-549)/(-366)?
2, 439
What are the prime factors of (-8)/68 - ((-8712)/68)/1?
2
Let w(p) = 883*p - 1541. List the prime factors of w(8).
3, 7, 263
Let s be ((-590)/(-15))/((-3)/(-27)). Suppose -3*j - s = -5*j. List the prime factors of j.
3, 59
Suppose -3*g = -5*k + 2051 + 87, -4*k = 4*g - 1736. Suppose 0 = 4*l + 2*u - k, 4 + 6 = 2*u. What are the prime factors of l?
3, 5, 7
Let p be (-1 + -10)/(7/(-70) - 0). Let v = -88 + p. What are the prime factors of v?
2, 11
Suppose -g - 5*g + 612 = 0. List the prime factors of g.
2, 3, 17
Suppose f + 3184 = 4*z - 3*f, -4*z = f - 3209. List the prime factors of z.
3, 89
Suppose 7*r - 5*r = -1164. List the prime factors of (-1)/(r/(-195) - 3).
5, 13
Let y = 14 - 11. Suppose k + 185 = 3*v - y*k, -2*k - 61 = -v. List the prime factors of v.
3, 7
Let q = -255 + 87. Suppose -5*j = 5*h - 1240, -5*h - 2 = -22. Let o = q + j. List the prime factors of o.
2, 19
Suppose 3*p + 4*h - 8 = 4, -5*h + 15 = -3*p. Suppose -3*m = -p*m + 75. Let k = 2 - m. What are the prime factors of k?
3
Suppose 2*g = 5*x - 2172, -3*x + 1328 = 25*g - 20*g. List the prime factors of x.
2, 109
Let v(w) = -77*w. Suppose 7*n = 2*n - 5. What are the prime factors of v(n)?
7, 11
Suppose 320*c = 350*c - 136590. List the prime factors of c.
29, 157
List the prime factors of 4548/33 + (-12)/(-66).
2, 3, 23
Suppose 2145 = 32*r - 4287. What are the prime factors of r?
3, 67
Let c(x) = 3*x + 9. Suppose -5*g = -o - o - 26, -20 = -5*g. Let r be c(o). Let n = r - -14. What are the prime factors of n?
2, 7
Let s = 125 - 2. What are the prime factors of s?
3, 41
Let g = 22 + -20. Suppose g*d = -2*j - 16, 0*d - d - 4*j = 23. List the prime factors of 153/6*(-4)/d.
2, 17
Suppose 3034 = 2*d + o + 503, 4*d = 2*o + 5042. Suppose -14*h + d + 123 = 0. What are the prime factors of h?
3, 11
Suppose -42 = -20*i + 21*i. Let k = 59 - i. List the prime factors of k.
101
Let q be 1 - -1 - 2*1. Suppose 30*r = -9*r + 1794. Let x = r + q. List the prime factors of x.
2, 23
What are the prime factors of (4/(-3))/(9*(-28)/128898)?
2, 11, 31
Let u be 5/(3 - 10/4). Let s be (-33)/(-6)*1*u. Let t = -26 + s. List the prime factors of t.
29
Suppose -o + 6*o - 11 = -3*z, 3*o = z + 15. Let v = o - 10. What are the prime factors of (-24)/(-15)*(-45)/v?
2, 3
Suppose 0 = c - 7 + 8. Let s be -2*c*(-2)/4. What are the prime factors of s + (43 - -2) + -4?
2, 5
Let q(k) = 16*k**2 + 20*k - 36. List the prime factors of q(8).
2, 7, 41
Let f(m) be the first derivative of -2*m**3/3 + 5*m**2/2 + 4. Let y be f(5). Let j = -13 - y. List the prime factors of j.
2, 3
Let v(h) = -657*h + 46. What are the prime factors of v(-4)?
2, 7, 191
Suppose -r = -0*r + k - 1015, 0 = k + 5. What are the prime factors of r?
2, 3, 5, 17
Suppose 7*b = 36 - 1. Let n = 27 + b. Suppose 4*l + 0*l = n. List the prime factors of l.
2
Suppose -57 = -7*j + 188. Let v = j - -25. What are the prime factors of v?
2, 3, 5
Suppose -7 = -g + s + 4*s, -2*g + 14 = -3*s. Let u(d) = 14*d + 17. Let w(c) = 7*c + 8. Let k(m) = g*w(m) - 3*u(m). List the prime factors of k(8).
61
Let w = 803 - 656. List the prime factors of w.
3, 7
Suppose 0 = -3*l + 170 + 91. Let u be (4/(-6))/((-2)/l). Suppose -s - 3*x - 4 + u = 0, 4*s + 4*x - 92 = 0. What are the prime factors of s?
2, 11
Let k = 384 - 94. Suppose -4*j + 3*w + k = w, -74 = -j + w. List the prime factors of j.
71
Suppose 0 = -2*v + 251 + 545. What are the prime factors of v?
2, 199
Suppose -5